Suppose -a = -4*t + n. What are the prime factors of t?
37
Let f(s) = s**2 + 12*s + 14. Let i = 16 - 14. Suppose -44 = -i*m + 6*m. What are the prime factors of f(m)?
3
Let b(a) = -5*a + 10. Let u = -30 - -30. Suppose u = -4*g + 5*g + 10. List the prime factors of b(g).
2, 3, 5
Suppose 973 = b - 8*b. Let u = b - -226. What are the prime factors of u?
3, 29
Let p(b) = 15*b**2 - 4*b - 5. Let w = 88 + -84. Let g be p(w). Let u = g + -146. List the prime factors of u.
73
Suppose -4*k - 5*j + 22740 + 85537 = 0, 54131 = 2*k - 5*j. List the prime factors of k.
2, 67, 101
Let i be (-32)/(-80) - 26/(-10). Suppose 0 = -3*j - 15, -5*p + 28 = -3*j + i. Suppose -8 = p*m - 174. What are the prime factors of m?
83
List the prime factors of (-11 - -154)*(-95)/(-38)*562/5.
11, 13, 281
Let v = -36 - -27. List the prime factors of (-47270)/(-90) - (-2)/v.
3, 5, 7
Let a = -324 + 334. Let p(k) = 3*k**2 + 2*k - 53. List the prime factors of p(a).
3, 89
Suppose 202*n - 808488 = 126*n. What are the prime factors of n?
2, 3, 197
Suppose -154915 = -58*y - 62*y - 7555. List the prime factors of y.
2, 307
Let t = -3305 + 3462. Suppose -r + 1353 = 2*r. Suppose r = 6*n + t. List the prime factors of n.
7
Suppose 101131 = 10*g + 14971. List the prime factors of g.
2, 3, 359
Suppose -r + 6 = 2*u, 5 = -2*u + 7*u + 5*r. Let v be (3/u)/(9/30). Suppose v*t - 4*c = 168, -c + 2 = -2*t + 173. What are the prime factors of t?
2, 43
Let c = 39056 + -15174. List the prime factors of c.
2, 11941
Suppose 0 = -5*f - 5*o - 45, f + 0*o = 4*o + 6. Let w = 240 + f. What are the prime factors of w?
2, 3, 13
Suppose 122*r - 121*r = 2580. Suppose -3*y = -13*i + 15*i - 1292, -4*y + r = 4*i. List the prime factors of i.
643
Suppose -8 = -8*b + 4*b. Suppose b*t - 3 = t. Suppose 4*z - 15 = -t. What are the prime factors of z?
3
Let l(t) = 5*t**2 + 22*t + 43. Let i(s) = -18 + 4*s**2 + 23*s + 27 + 13 + 22. Let c(z) = -4*i(z) + 3*l(z). List the prime factors of c(-19).
2, 43
Let c(g) = -g**3 + 9*g**2 + 10*g. Let v be c(10). Suppose v = -4*j + 557 + 1219. Suppose 2*s - j = -2*s + w, -12 = -3*w. List the prime factors of s.
2, 7
Suppose o - 1 = h, h - 15 = -3*o - 2*h. Let l(a) = 307*a - 2. List the prime factors of l(o).
919
Suppose x + 2*k + 7 = 5*k, 5 = -5*x + 5*k. Suppose -287 = x*c - 1191. List the prime factors of c.
2, 113
Let a = 815 + -811. Let n be 10/2*(4 - 3). Suppose 5*k - 37 = 2*k + d, a*k = -n*d + 24. What are the prime factors of k?
11
Suppose f - 4*y - 84 = 0, 4*f + 7*y - 6*y = 302. Suppose 0 = -77*d + f*d + 1106. List the prime factors of d.
2, 7, 79
Suppose 3*s - 3493 = -4*r + 9*r, -3*s - 4*r = -3448. Suppose -7*y + 5487 + s = 0. List the prime factors of y.
13, 73
Let g(x) = 3*x**2 - x - 2. Let w be g(0). Let r = 5 + w. Suppose -r*t - 109 = -457. List the prime factors of t.
2, 29
Let x(r) = 1062*r + 2. Let s be x(1). Let b be s/35 + 4/(-10). Suppose -232 = -b*q + 26*q. What are the prime factors of q?
2, 29
Let d be (-6)/(-8) + (-2525103)/84. What are the prime factors of d/(-35) - 6/(-42)?
859
Let y(z) = 7*z - 11. Let n = 26 - 34. Let o be (n + -6)*(-12)/21. What are the prime factors of y(o)?
3, 5
Let g(k) = -10*k**2 + k. Let m be g(-1). Let f = 26 + m. Let o = -10 + f. List the prime factors of o.
5
Let k(w) = 2*w**3 - 31*w**2 - 38*w + 95. What are the prime factors of k(18)?
1031
Let o be ((-3)/(-2))/(((-6)/(-8))/1). Suppose -187 = 3*n - 4*i, o*i = -i + 12. Let m = 132 + n. What are the prime factors of m?
3, 5
Let n(k) = -3453*k**3 + 39*k**2 + 36*k - 2. List the prime factors of n(-1).
2, 11, 157
Let z = -18403 - -26577. What are the prime factors of z?
2, 61, 67
Let o(a) = 816*a**3 + 7*a**2 - 26*a + 42. What are the prime factors of o(2)?
2, 3, 1091
Let s be 7/2*(-144)/(-63). Suppose -s*v = -5850 - 1054. Suppose 9*g + 143 - v = 0. What are the prime factors of g?
2, 5
Let n(o) = o + 3. Suppose -p = -5*j + 12, -12 = -4*j - 2*p + 6. Let w be n(j). Let f = w - -6. List the prime factors of f.
2, 3
Suppose 2127*t + 56100 = 2161*t. List the prime factors of t.
2, 3, 5, 11
Let k(x) = 202*x**2 + 91*x + 798. List the prime factors of k(-8).
2, 67, 97
Let u(s) = 8*s**3 + 2*s**2 + s. Let k be u(-1). Let y(w) = w**2 + 5*w + 14. Let r be y(k). What are the prime factors of 14/r*566*1?
283
List the prime factors of (28/4 + -34555)/(21/(-14)).
2, 2879
Let q(s) = -40*s - 115. Let k be q(-3). List the prime factors of 7161/56 + k + (-1)/(-8).
7, 19
Suppose 0 = -n + 5*r + 386, -4*n - r - r = -1588. Let l = n + 191. What are the prime factors of l?
587
Suppose 0 = -2*m - 5*s + 71, -m - 3*m = 5*s - 127. Let b be (m/(-10))/(2/5). List the prime factors of ((-78)/15)/(b/385).
2, 11, 13
Let o = -957 - -1638. Suppose 907 = 4*f - 3*c, -15*f + 18*f - 2*c - o = 0. List the prime factors of f.
229
Let q be (261/(-27))/(1/(6/(-2))). Let u(s) = 6 + q*s**2 + 49*s**2 - 12*s**2 - 7*s - 20*s**2. What are the prime factors of u(1)?
3, 5
Let v = -36951 - -63701. List the prime factors of v.
2, 5, 107
Let x(c) = 225*c**2 + 2*c - 26. What are the prime factors of x(-4)?
2, 1783
Let u(s) = 261*s**2 + 4*s - 55. Let m(j) = -52*j**2 - j + 11. Let r(l) = -11*m(l) - 2*u(l). List the prime factors of r(-3).
2, 5, 43
Suppose 123 = 5*i - h, -5*i = -6*i + 2*h + 21. Let p = -21 + i. Suppose 0 = -p*g - 5*q + 48 + 6, 0 = g - 2*q - 20. List the prime factors of g.
2
Let f(n) = 558*n - 40. Let h be f(2). Suppose -32*g + 33*g = h. List the prime factors of g.
2, 269
Let j = 82 - 78. Suppose 10 = -15*v + 20*v. Suppose -j*l - v*l = -912. What are the prime factors of l?
2, 19
Let w = -6154 + 12767. What are the prime factors of w?
17, 389
Let w(p) = -5*p**2 + 129*p + 65. Let q be w(30). Let g = -293 - q. List the prime factors of g.
2, 17
Let i = -30 + -4. Let m = 14 - i. Let d = m + 15. List the prime factors of d.
3, 7
Let u be 1/(((-2)/(-4))/((-15)/10)). Let y be (2/u - 4/12) + 31. List the prime factors of (-5)/y - 111/(-18).
2, 3
Suppose 2*v = 30*u - 27*u + 15, -2*u + 4 = v. Suppose 8*y - 726 = v*y. What are the prime factors of y?
3, 11
Let w(j) = -2*j - 2. Let z(m) = 63*m + 34. Let s(t) = 3*w(t) - z(t). List the prime factors of s(-2).
2, 7
Let j(i) = -679*i + 9996. What are the prime factors of j(-61)?
5, 7, 13, 113
Let w(c) = -210*c - 706. What are the prime factors of w(-16)?
2, 1327
Let v(p) = 130*p**3 + 5*p**2 - 15*p - 110. What are the prime factors of v(5)?
2, 5, 1619
Let t = 204572 + -133175. List the prime factors of t.
3, 7933
Suppose -24*o + 5*z = -27*o + 152291, 3*o + z = 152299. List the prime factors of o.
50767
Let z be -2 + 9/(0 + 3)*1. Let d be 2/3*z*3. Suppose -d*c = -0*q + q - 168, 5*c + 780 = 5*q. What are the prime factors of q?
2, 5
Let p be ((-2)/(-9) - (-62)/(-36))*-2. Suppose 1 = -p*j - 2. What are the prime factors of (j - 47)*(-6)/4?
2, 3
Let n(u) = -3*u**2 + 21*u + 9. Let t(m) = 5*m**2 - 44*m - 19. Let v(l) = -9*n(l) - 4*t(l). List the prime factors of v(-9).
7, 97
Let j be (-9)/3 - 12/(-2). Suppose -3*n - 3*i = -7*n + 2564, -j*i = -2*n + 1276. What are the prime factors of n?
2, 7, 23
Let g be (124/12)/(1/9). Let f = 39 - g. List the prime factors of (-4)/(-18) - 2958/f.
5, 11
Let o(j) = j**3 + 7*j**2 + 9*j + 23. Let f be o(-6). Suppose -f*k + 125 = -345. Suppose 37 + k = q. What are the prime factors of q?
131
Let u(b) = 14*b**2 - 4*b + 78. Let x be u(7). Suppose o = -a + 244, -3*o + a - 6*a = -x. What are the prime factors of o?
2, 11
List the prime factors of -1159*(16 - 58)/14.
3, 19, 61
Let i = 4405 - 1632. What are the prime factors of i?
47, 59
Let z(x) = -x**3 - 6*x**2 + 6*x - 2. Let n be z(-7). Let j(g) be the second derivative of g**4/12 + g**3/3 - 5*g**2/2 - 6*g. What are the prime factors of j(n)?
2, 3, 5
Let g(j) = 18343*j**2 + 24*j + 42. What are the prime factors of g(2)?
2, 23, 1597
Let d = -5183 + 8110. Suppose 0 = -13*i + d + 1038. What are the prime factors of i?
5, 61
Let d = -325 - -621. Suppose -5*q + 3*q - 5*z = -287, 2*q + 2*z = d. Let f = q + 16. What are the prime factors of f?
167
Let n = -258 + 261. Suppose -p - n*h + 211 = -229, 3*p - 3*h - 1356 = 0. What are the prime factors of p?
449
Let v(s) = 54*s - 25*s - 30*s - 8. Let b be v(-4). What are the prime factors of 6 - (b - -2 - 1)?
3
Let w = 29610 + -11780. What are the prime factors of w?
2, 5, 1783
Let j(z) =